 = u*g(k) + o(k). What is c(-2)?
0
Suppose 5*t = 10*t - 35. Let h(o) = 0 - 2 - t*o + 11 + o**2 - 4. What is h(5)?
-5
Let q(c) = 2*c**3 + 11*c**2 - 7*c - 4. Let i be 4/(4/10 - (-224)/(-210)). Give q(i).
2
Let l be 19/(-3) - (-2)/6. Let x = l + 9. Let v(y) = 0*y**2 - y**3 + 5*y + 4 + y**2 - 3*y + y**2. What is v(x)?
1
Let t(f) = -2*f + 20. Let p be t(9). Let j(s) = s**2 - s - 1. What is j(p)?
1
Let y(b) = b**2 - 5*b - 3. Suppose -v - 4*v + 25 = 0. Determine y(v).
-3
Suppose -4*p = -3*p - 4. Let s(z) = z**2 + 1. Let t(v) = -2*v**2 + v**2 + 7*v + 6*v**2. Let h(c) = -6*s(c) + t(c). Determine h(p).
6
Let b(g) = 4*g**2 - 15*g - 1. Let f(t) = 6*t**2 - 22*t - 1. Let v(l) = 7*b(l) - 5*f(l). Give v(3).
-5
Let l(d) = -3*d + 2. Let k(g) = -2*g + 2. Let j(i) = -4*k(i) + 3*l(i). Let c = 0 - -3. Calculate j(c).
-5
Let a(v) be the first derivative of -v**4/2 + v**3/3 - v**2 + v + 2. Give a(1).
-2
Let w(l) be the second derivative of 3/4*l**4 - 2*l - 1/2*l**2 + 1/6*l**3 + 0. Calculate w(1).
9
Suppose -k = 5*o - 3*k - 3, 5*o - k = -1. Let p(a) = a**3. Determine p(o).
-1
Let r = -3 - -1. Let c(y) = -y**2 + 12*y + 7. Let o be c(12). Let x(j) = 9 - o - j**2 - j**2. Give x(r).
-6
Let l(j) = 6 + 3 + j + 0*j. Suppose -2*a + g - 17 = 0, -5*a - 6*g + 3*g - 70 = 0. Let t = -15 - a. Determine l(t).
5
Let b(f) = -f**3 - 3*f**2 + 2. Let l(u) = -u**2 + 5*u - 3. Let i be l(5). Determine b(i).
2
Let p(v) = v - 5. Let d(n) be the third derivative of 0 + 0*n + 1/24*n**4 + 0*n**3 + n**2. Let g be d(4). Determine p(g).
-1
Let y(m) = -1 + 2 - 9*m + 8*m. What is y(-7)?
8
Suppose 0*d + d = -2. Let o(t) = 2*t**3 + t**2 + t - 2. Determine o(d).
-16
Let r(u) = -u**2 + 7*u - 6. Let x be r(5). Let k(z) = -3*z - 2. Calculate k(x).
-14
Let x(d) be the second derivative of -d**3/6 + 9*d**2/2 - d. Let n be 1*(-5)/((-1)/(-1)). Let g be (-1 - 7)*n/10. Calculate x(g).
5
Let w(n) = 3*n - 5*n + n. Give w(-5).
5
Let q(n) = n + 3. Let u be 6/(-1)*2/4. Let i = u - 0. Determine q(i).
0
Let h(z) = 0*z + 4*z + z + 0*z - 1. Give h(1).
4
Let z(v) = -12*v**2 - 16*v**2 + 17*v**2 + 1. What is z(1)?
-10
Suppose 0 = -m + 1 - 5. Let g(w) = -w**2 + 2*w - 4. Give g(m).
-28
Let m(n) = -7 + 5*n**2 - 6*n + 5 + n**3 - 2*n. Give m(-6).
10
Let x be 31/7 - (-30)/(-70). Let v(h) = x*h + h + 1 - 5*h + h. Let l be 2/(-4)*24/3. Determine v(l).
-3
Let d(l) = -4 - 3*l + 2 + 1 - 2*l. Let q be d(-2). Let i(u) = -u**3 + 10*u**2 - 9*u. Let n be i(q). Let f(o) = -o. Give f(n).
0
Let x(k) be the second derivative of k**4/12 - k**3/2 + 2*k**2 - 4*k. Give x(4).
8
Let w(b) = 4*b - 7. Let u(y) = y. Let r(v) = 5*u(v) - w(v). Suppose 12 = -3*a + 9*a. Suppose 4*x = -a*x. Determine r(x).
7
Let v(n) = 17*n - 15. Let p(z) = 8*z - 7. Let f(t) = 13*p(t) - 6*v(t). Let w be (-194)/22 + (-8)/44. Let g = w + 14. Calculate f(g).
9
Suppose 0*i + 16 = -2*i. Let p(f) = -f**2 - 9*f - 2. Let m be p(i). Let j(u) = m*u + 6*u**2 + 0*u**3 - u**2 + u**3. Give j(-4).
-8
Suppose -5*c = -5, -5*k = -3*c + 4 + 19. Let u(q) = -q**3 - 5*q**2 - 5*q - 6. What is u(k)?
-2
Let g(b) = b - 11. Let s be g(8). Let w = s - 2. Let v(c) = 2*c + 6. Determine v(w).
-4
Suppose m - 6*m - 20 = 0. Let d(t) be the first derivative of -t**2/2 - 3. Give d(m).
4
Let u(c) = 6*c**2 - c**2 - c**3 + 0*c**3 - 6*c. Let i(v) = 5*v**2 + 34*v - 3. Let x be i(-7). Calculate u(x).
-8
Let g(x) = -x**3 + x**2 + 1. Let b(d) = -5*d**3 + 2*d**2 - 5*d + 4. Let l(u) = -b(u) + 6*g(u). What is l(5)?
2
Let c(r) = r**2 + 2*r + 3. Let t(p) = p**2 - p - 6. Let l be t(0). Let d(x) = x**3 + 6*x**2 - 4. Let m be d(l). Calculate c(m).
11
Let v(q) = 3*q**2 + 9*q - 3. Let y be v(-4). Suppose 3*j - o + 29 - y = 0, o + 5 = -2*j. Let z(w) = w**3 + 4*w**2 - 6*w + 7. Calculate z(j).
12
Let x(r) = r**2 + 2*r - 4. Suppose -4*i + m = -20, -4*i = -2*i + 3*m - 10. Let l = 5 - i. Suppose l = -2*u - 3 - 5. Give x(u).
4
Let s = 66 - 66. Let b(y) = -7*y**2 + 5*y + 5. Let w(q) = -q**2 + q. Let x(m) = b(m) - 6*w(m). What is x(s)?
5
Let l(h) = -h + 2. Let w(f) = -5*f + 9. Let b = -7 - -16. Let p(j) = b*l(j) - 2*w(j). Determine p(4).
4
Suppose 4*s - 18 - 50 = 0. Suppose 0 = 2*g + 5 - s. Let j(u) = -u**3 + 7*u**2 - 5*u. Calculate j(g).
6
Let p(f) = -f**3 - 5*f**2 + f + 1. Let d be ((-22)/3)/(12/54). Let t be 3 + (1 + d)/4. Determine p(t).
-4
Let d(c) = 3*c. Let f(h) = -h - 7. Let p be f(-9). Let g = -8 + 4. Let y = p + g. Give d(y).
-6
Suppose -3*w + 8 = 2*n, -w = 2*n - 7*n + 3. Suppose -w*r + 4 = -3*r. Let i(l) = -l**2 - 3*l + 1. What is i(r)?
-3
Let z(r) = 5*r + 5. Let p(k) = -14*k - 15. Let d(h) = -6*p(h) - 17*z(h). Give d(-4).
9
Let c(a) = -8*a**3. Let b be c(-1). Let f(t) = 6*t - t + 1 - b*t - 7. Give f(-5).
9
Let x(g) = 4*g + 1. Let b be x(1). Suppose b = 3*q - 4*s, -11 = 3*s + 4. Let f(w) = 2*w - 1. Determine f(q).
-11
Let s(a) = a - 3. Let u(c) = 5*c**3 - 5*c**2 + 8 - 4*c**3 + 0*c**3 - 8*c. Suppose -f + b + 2 = 0, -3*f + 17 = -2*b + 7. Let v be u(f). Calculate s(v).
-7
Let l(v) = v**3 + v. Let p(c) = -3*c**3 - 5*c**2 - 4*c + 2. Let r(g) = 2*l(g) + p(g). Determine r(-3).
-10
Suppose 15*c = 13*c + 8. Let f(q) = -q**3 + 4*q**2 - 2*q + 1. Give f(c).
-7
Let l(k) be the third derivative of k**5/60 + 5*k**4/24 - k**3/6 + 29*k**2. Give l(-5).
-1
Let q(i) = i**2 - 6*i + 5. Suppose a = 4*a. Let n(g) = -4*g**2 + g - 4. Let z(o) = -o**2. Let m(w) = -n(w) + 5*z(w). Let h be m(a). Give q(h).
-3
Let o(y) = -y - 6. Let h be (-3 - 1) + (-2)/2. Give o(h).
-1
Let p(k) = 2*k + 0 - 5 - k. Suppose 5*a - 19 = -4. Suppose 6*g + 12 = a*g. Determine p(g).
-9
Let i(g) = g**3 + 2 + 10 - 11 + 2*g + 2*g**2. What is i(-1)?
0
Let w(l) = 2*l - 2. Let f be ((-8)/2)/(0 + -2). Let m be (-1)/(f/12*-2). Determine w(m).
4
Suppose -4*h + 28 = -0. Let a(m) = -m + 10. Give a(h).
3
Let z(r) = -3*r. Suppose -t = -2*t - 1. What is z(t)?
3
Let w(h) = -58 + h + h**2 + 114 + h**3 - 54. Suppose -j = -4*j - 6. Calculate w(j).
-4
Let a(r) = -2*r + 18 - 16 + 0*r. Suppose -2*u - 16 = 2*u. Determine a(u).
10
Let m(z) = -z**3 + 4*z**2 - 4. Suppose -3*q + 5*q = 16. Suppose 2*d - q = -0*d. Give m(d).
-4
Let u(t) = -t**3 - 2*t**2 - 2*t + 1. Let a(v) = 0*v**2 - 2 - 2*v**2 + 7*v**3 + 3. Let k be a(-1). Let l = 6 + k. What is u(l)?
5
Let x(i) = 6 + 3*i - 2*i + 1. Let p = -9 - -9. Determine x(p).
7
Let d(p) = -p + 2. Suppose -4*s = -3*s - 3. Let k(i) = -2*i**s - 3*i**2 + 0*i**3 - 1 + 3*i**3 - 2*i + 5. Let z be k(3). Calculate d(z).
4
Let u(n) be the first derivative of n**5/120 + 7*n**4/24 - 4*n**3/3 + 2. Let z(g) be the third derivative of u(g). Let f = -1 + -5. Give z(f).
1
Let h(z) be the first derivative of z**2/2 + 4*z + 16. Determine h(3).
7
Suppose 4*x + 20 = -4. Let z(y) be the third derivative of -y**4/24 - y**3/6 - 7*y**2. Calculate z(x).
5
Let a(v) = 6*v**2 + 1 - 7*v**2 + 74*v - 67*v. Calculate a(3).
13
Let a(x) = 4*x + 3. Let h(s) = -6*s - 5. Let r(m) = -8*a(m) - 5*h(m). Determine r(4).
-7
Let y(u) = 4*u**2 - 2 + 2*u + 0*u**2 + 1 - 4*u. Suppose -4*j + 1 = -7. Calculate y(j).
11
Suppose 4*o - b = 8*o + 29, b - 7 = 2*o. Let j be 3/o*(0 + 0). Let w(h) be the third derivative of -h**4/24 - 4*h**3/3 - 2*h**2. What is w(j)?
-8
Let j(s) = -s**3 - 3*s**2 + 4*s - 2. Let f = 2 + -2. Suppose f = -3*l - 0*l. Suppose 2*z + l*z = -8. What is j(z)?
-2
Let u = -7 + 11. Suppose 8*m - u*m = 8. Let r(y) = 0*y**2 + m*y + 2 + 0 - y**2 - 7*y. Give r(-6).
-4
Let p(o) = 5*o + 4. Let g(c) = c - 5*c - 3 - 3*c + 2*c. Let x(r) = -3*g(r) - 2*p(r). Let u = 3 + -2. Calculate x(u).
6
Let p(z) be the first derivative of -2*z**3 + z + 47. Determine p(1).
-5
Let y(d) = -4*d + 2. Let z be (-4)/((-4)/6*2). What is y(z)?
-10
Let x(t) = -t - 5. Suppose -15 = 2*u + u. Let y be x(u). Let k(a) = -a**3 + a**2 + 4. Calculate k(y).
4
Let q(g) = -4*g**2 + g. Let o(l) be the third derivative of l**5/12 - 2*l**2. Let x(m) = -5*o(m) - 6*q(m). What is x(-6)?
0
Let w(u) = 6 - 2 - 2*u - 5 + 3. Determine w(4).
-6
Let g = 3 + 2. Let v(c) = -c**3 + 5*c**2 - c + 3. Determine v(g).
-2
Let a be (-4)/14 - (-12)/42. Suppose -w - 5 = -a*w. Let c(u) = -u. Determine c(w).
5
Let w(x) be the third derivative of x**4/8 - 5*x**3/6 - 23*x**2. What is w(4)?
7
Let j(y) = -y**3 + 8*y**2 - 8*y + 3. Let w be (-7)/(-1*(-1)/(-4 + 3)). Give j(w).
-4
Let o be 3 + -5 + -1 + 8. Let a(c) = 4*c**2 - o*c**2 - c + 2*c**2 + 4. Let x be a(0). Let h(b) =